{"id":1734,"date":"2018-02-24T11:02:02","date_gmt":"2018-02-24T10:02:02","guid":{"rendered":"https:\/\/www.clissa-bus.hr\/?page_id=1734"},"modified":"2018-02-24T11:02:02","modified_gmt":"2018-02-24T10:02:02","slug":"ueber-uns","status":"publish","type":"page","link":"https:\/\/www.clissa-bus.hr\/?page_id=1734&lang=de","title":{"rendered":"\u00dcber uns"},"content":{"rendered":"<div class='content-column three_fourth'><div style=\"padding-right:40px;\"><h1>\u00dcber uns<\/h1>\n<p>Unsere Firma wurde im Jahr <strong>1990<\/strong> gegr\u00fcndet,der name <strong>CLISSA<\/strong> ist der alte lateinische name f\u00fcr <strong>KLIS<\/strong> was <strong>SCHL\u00dcSSEL<\/strong> bedeutet.<\/p>\n<p>Seit jeher war Klis das Tor zu Dalmatien,wer Klis besa\u00df,kontrolierte auch (mittel) Dalmatien.<br \/>\nKlis war Herrschaftssitz Kroatischer K\u00f6nige im fr\u00fchen mittelalter und geburtsort der Kroatishen Stattlichkeit,sodass wir mit stolz betohnen das Klis eine F\u00fcrstliche und K\u00f6nigliche Stadt war.<\/p>\n<ul>\n<li>mehr \u00fcber Klis unter: www.klis.com.hr und www.kliskiuskoci.hr<\/li>\n<\/ul>\n<p>Im Januar 1990. kauften wir unseren ersten Bus (Zastava Neretva 25) und erst nach vier monaten arbeit in der Werkstatt war der Bus bereit zur technischen \u00fcberpr\u00fcfung!<\/p>\n<p>Dieses fahrzeug befindet sich noch heute in unserem besitz, fahrbeteit &#8211; als grundstein der Firma<\/p>\n<div id=\"attachment_161\" style=\"width: 310px\" class=\"wp-caption aligncenter\"><a href=\"https:\/\/www.clissa-bus.hr\/wp-content\/uploads\/2017\/08\/zastava.jpg\" rel=\"lightbox[1734]\"><img loading=\"lazy\" decoding=\"async\" aria-describedby=\"caption-attachment-161\" class=\"wp-image-161 size-medium\" src=\"https:\/\/www.clissa-bus.hr\/wp-content\/uploads\/2017\/08\/zastava-300x205.jpg\" alt=\"\" width=\"300\" height=\"205\" srcset=\"https:\/\/www.clissa-bus.hr\/wp-content\/uploads\/2017\/08\/zastava-300x205.jpg 300w, https:\/\/www.clissa-bus.hr\/wp-content\/uploads\/2017\/08\/zastava.jpg 362w\" sizes=\"auto, (max-width: 300px) 100vw, 300px\" \/><\/a><p id=\"caption-attachment-161\" class=\"wp-caption-text\">Zastava Neretva 25<\/p><\/div>\n<p>Von 1993. bis 1995. besassen wir auch zustellfahrzeuge der marken ( Peugeot J 5, Mercedes 310 D ) zur bef\u00f6rderung von nationaler und internationaler fracht sowie Personenverkehr.<\/p>\n<div id=\"attachment_162\" style=\"width: 372px\" class=\"wp-caption alignleft\"><a href=\"https:\/\/www.clissa-bus.hr\/wp-content\/uploads\/2017\/08\/peugeot_kombi.jpg\" rel=\"lightbox[1734]\"><img loading=\"lazy\" decoding=\"async\" aria-describedby=\"caption-attachment-162\" class=\"wp-image-162 size-full\" src=\"https:\/\/www.clissa-bus.hr\/wp-content\/uploads\/2017\/08\/peugeot_kombi.jpg\" alt=\"\" width=\"362\" height=\"247\" srcset=\"https:\/\/www.clissa-bus.hr\/wp-content\/uploads\/2017\/08\/peugeot_kombi.jpg 362w, https:\/\/www.clissa-bus.hr\/wp-content\/uploads\/2017\/08\/peugeot_kombi-300x205.jpg 300w\" sizes=\"auto, (max-width: 362px) 100vw, 362px\" \/><\/a><p id=\"caption-attachment-162\" class=\"wp-caption-text\">Peugeot J 5<\/p><\/div>\n<div id=\"attachment_163\" style=\"width: 372px\" class=\"wp-caption alignleft\"><a href=\"https:\/\/www.clissa-bus.hr\/wp-content\/uploads\/2017\/08\/mercedes_kombi.jpg\" rel=\"lightbox[1734]\"><img loading=\"lazy\" decoding=\"async\" aria-describedby=\"caption-attachment-163\" class=\"wp-image-163 size-full\" src=\"https:\/\/www.clissa-bus.hr\/wp-content\/uploads\/2017\/08\/mercedes_kombi.jpg\" alt=\"\" width=\"362\" height=\"267\" srcset=\"https:\/\/www.clissa-bus.hr\/wp-content\/uploads\/2017\/08\/mercedes_kombi.jpg 362w, https:\/\/www.clissa-bus.hr\/wp-content\/uploads\/2017\/08\/mercedes_kombi-300x221.jpg 300w\" sizes=\"auto, (max-width: 362px) 100vw, 362px\" \/><\/a><p id=\"caption-attachment-163\" class=\"wp-caption-text\">Mercedes 310 D<\/p><\/div>\n<div style=\"clear: both;\">&nbsp;<\/div>\n<p>Seit dem Gr\u00fcndungsjahr 1990 steht die bef\u00f6rderung von Schulkindern an erster stelle und bis heute haben wir mehr als 2,3 milionen kinder bef\u00f6rdert!<\/p>\n<p>Die bedeutendsten Auftraggeber f\u00fcr diese dienstleistungen sind das Ministerium f\u00fcr Wissenschaft Bildung und Sport und die Gespannschaft Split-Dalmatien f\u00fcr die Schulen in Klis und Ka\u0161tel Su\u0107urac&#8230;<\/p>\n<p>Momentan besitzen wir 30 Fahrzeuge ( von 5 bis 85 sitzpl\u00e4tzen ) mit welchen wir folgende fahrten aus\u00fcben;<\/p>\n<ul>\n<li>Linienverkehr ( linie SPLIT-ZAGREB-SPLIT )<\/li>\n<li>Besonderer linienverkehr personenbef\u00f6rderung ( Sch\u00fcler und Arbeiter )<\/li>\n<li>Freie Personenbef\u00f6rderung ( Reiseverkehr )<\/li>\n<\/ul>\n<p>Alle unsere Fahrzeuge besitzen die Zusatzversicherungspolice f\u00fcr alle Insassen sowie Ausz\u00fcge aus der lizenz f\u00fcr den Grenzberschreitenden verkehr, auch haben alle Fahrzeuge die gleiche visuelle Identit\u00e4t.<\/p>\n<p>Unsere Firma ist auch Steuerrechtlich in Slovenien sowie in der Bundesrepublik Deutschland gemeldet sodas wir fahrten durch diese L\u00e4nder organisiren und durchf\u00fchren.<\/p>\n<p>Unsere fahrzeuge werden vom freundlichen und geschulten personal gelenkt, welches dauerhaft bei uns besch\u00e4ftigt ist.<\/p><\/div><\/div>\n<div class='content-column one_fourth last_column'><h3>CLISSA f\u00fcr KLIS<\/h3>\n<p>Ganzabentlicher Konzert des Orchesters der Kroatischen Marine mit der Klappa der Kroatishen Marine in Klis am 29.juli 2012<\/p>\n<p><a href=\"http:\/\/www.youtube.com\/watch?v=21CaNlGlKYM\">Youtube video &#8220;In den Kampf, in den Kampf!<\/a><\/p>\n<p><a href=\"https:\/\/www.clissa-bus.hr\/wp-content\/uploads\/2017\/08\/cd03.jpg\" rel=\"lightbox[1734]\"><img loading=\"lazy\" decoding=\"async\" class=\"alignnone wp-image-118 size-medium\" src=\"https:\/\/www.clissa-bus.hr\/wp-content\/uploads\/2017\/08\/cd03-300x154.jpg\" alt=\"\" width=\"300\" height=\"154\" srcset=\"https:\/\/www.clissa-bus.hr\/wp-content\/uploads\/2017\/08\/cd03-300x154.jpg 300w, https:\/\/www.clissa-bus.hr\/wp-content\/uploads\/2017\/08\/cd03-768x395.jpg 768w, https:\/\/www.clissa-bus.hr\/wp-content\/uploads\/2017\/08\/cd03.jpg 1024w\" sizes=\"auto, (max-width: 300px) 100vw, 300px\" \/><\/a> <a href=\"https:\/\/www.clissa-bus.hr\/wp-content\/uploads\/2017\/08\/cd01.jpg\" rel=\"lightbox[1734]\"><img loading=\"lazy\" decoding=\"async\" class=\"alignnone wp-image-119 size-medium\" src=\"https:\/\/www.clissa-bus.hr\/wp-content\/uploads\/2017\/08\/cd01-300x236.jpg\" alt=\"\" width=\"300\" height=\"236\" srcset=\"https:\/\/www.clissa-bus.hr\/wp-content\/uploads\/2017\/08\/cd01-300x236.jpg 300w, https:\/\/www.clissa-bus.hr\/wp-content\/uploads\/2017\/08\/cd01-768x603.jpg 768w, https:\/\/www.clissa-bus.hr\/wp-content\/uploads\/2017\/08\/cd01.jpg 957w\" sizes=\"auto, (max-width: 300px) 100vw, 300px\" \/><\/a> <a href=\"https:\/\/www.clissa-bus.hr\/wp-content\/uploads\/2017\/08\/cd02.jpg\" rel=\"lightbox[1734]\"><img loading=\"lazy\" decoding=\"async\" class=\"alignnone wp-image-120 size-medium\" src=\"https:\/\/www.clissa-bus.hr\/wp-content\/uploads\/2017\/08\/cd02-300x237.jpg\" alt=\"\" width=\"300\" height=\"237\" srcset=\"https:\/\/www.clissa-bus.hr\/wp-content\/uploads\/2017\/08\/cd02-300x237.jpg 300w, https:\/\/www.clissa-bus.hr\/wp-content\/uploads\/2017\/08\/cd02-768x608.jpg 768w, https:\/\/www.clissa-bus.hr\/wp-content\/uploads\/2017\/08\/cd02.jpg 1024w\" sizes=\"auto, (max-width: 300px) 100vw, 300px\" \/><\/a><\/p><\/div><div class='clear_column'><\/div>\n","protected":false},"excerpt":{"rendered":"","protected":false},"author":1,"featured_media":0,"parent":0,"menu_order":0,"comment_status":"closed","ping_status":"closed","template":"","meta":{"ngg_post_thumbnail":0,"footnotes":""},"class_list":["post-1734","page","type-page","status-publish","hentry"],"_links":{"self":[{"href":"https:\/\/www.clissa-bus.hr\/index.php?rest_route=\/wp\/v2\/pages\/1734","targetHints":{"allow":["GET"]}}],"collection":[{"href":"https:\/\/www.clissa-bus.hr\/index.php?rest_route=\/wp\/v2\/pages"}],"about":[{"href":"https:\/\/www.clissa-bus.hr\/index.php?rest_route=\/wp\/v2\/types\/page"}],"author":[{"embeddable":true,"href":"https:\/\/www.clissa-bus.hr\/index.php?rest_route=\/wp\/v2\/users\/1"}],"replies":[{"embeddable":true,"href":"https:\/\/www.clissa-bus.hr\/index.php?rest_route=%2Fwp%2Fv2%2Fcomments&post=1734"}],"version-history":[{"count":1,"href":"https:\/\/www.clissa-bus.hr\/index.php?rest_route=\/wp\/v2\/pages\/1734\/revisions"}],"predecessor-version":[{"id":1735,"href":"https:\/\/www.clissa-bus.hr\/index.php?rest_route=\/wp\/v2\/pages\/1734\/revisions\/1735"}],"wp:attachment":[{"href":"https:\/\/www.clissa-bus.hr\/index.php?rest_route=%2Fwp%2Fv2%2Fmedia&parent=1734"}],"curies":[{"name":"wp","href":"https:\/\/api.w.org\/{rel}","templated":true}]}}