{"id":67,"date":"2017-08-30T14:42:26","date_gmt":"2017-08-30T12:42:26","guid":{"rendered":"https:\/\/www.clissa-bus.hr\/?page_id=67"},"modified":"2025-11-08T15:43:48","modified_gmt":"2025-11-08T13:43:48","slug":"naslovnica","status":"publish","type":"page","link":"https:\/\/www.clissa-bus.hr\/","title":{"rendered":"Naslovnica"},"content":{"rendered":"\n<figure class=\"wp-block-embed aligncenter is-type-rich is-provider-soundcloud wp-block-embed-soundcloud\"><div class=\"wp-block-embed__wrapper\">\n<iframe loading=\"lazy\" title=\"Kre\u0161imir Glavina - Radio Split by avetma\" width=\"750\" height=\"400\" scrolling=\"no\" frameborder=\"no\" src=\"https:\/\/w.soundcloud.com\/player\/?visual=true&#038;url=https%3A%2F%2Fapi.soundcloud.com%2Ftracks%2F2209038692&#038;show_artwork=true&#038;maxheight=1000&#038;maxwidth=750&#038;secret_token=s-hqDcjL0ZOiH\"><\/iframe>\n<\/div><\/figure>\n\n\n\n<p class=\"has-small-font-size\">Autor fotografije: MaGa, Wikipedia<\/p>\n\n\n\n<hr class=\"wp-block-separator has-alpha-channel-opacity\" \/>\n\n\n\n<h2 class=\"wp-block-heading has-text-align-center\">Mercedes &#8211; Benz Tourismo 16 RHD &#8211; M<br>53+2+1 sjedalo (ST 2021-KL)<\/h2>\n\n\n\n<p class=\"has-text-align-center\"><\/p>\n\n\n\nngg_shortcode_0_placeholder\n\n\n\n<div style=\"height:100px\" aria-hidden=\"true\" class=\"wp-block-spacer\"><\/div>\n\n\n\n<div class=\"wp-block-columns is-layout-flex wp-container-core-columns-is-layout-9d6595d7 wp-block-columns-is-layout-flex\">\n<div class=\"wp-block-column is-layout-flow wp-block-column-is-layout-flow\" style=\"flex-basis:100%\">\n<div class=\"wp-block-columns is-layout-flex wp-container-core-columns-is-layout-9d6595d7 wp-block-columns-is-layout-flex\">\n<div class=\"wp-block-column is-layout-flow wp-block-column-is-layout-flow\">\n<figure class=\"naljepnica wp-block-image is-resized\" style=\"padding: 10px;text-align: center;width:auto;background: #f0f6ff;border-radius: 10px;margin: 20px auto\"><a href=\"https:\/\/www.clissa-bus.hr\/wp-content\/uploads\/2022\/01\/clissa_naljepnica.gif\" rel=\"lightbox[67]\"><img decoding=\"async\" src=\"https:\/\/www.clissa-bus.hr\/wp-content\/uploads\/2022\/01\/clissa_naljepnica.gif\" alt=\"\" class=\"wp-image-1881\"><\/a><\/figure>\n<\/div>\n\n\n\n<div class=\"wp-block-column is-layout-flow wp-block-column-is-layout-flow\">\n<figure class=\"zahvala wp-block-image is-resized\" style=\"padding: 10px;text-align: center;width: 90%;background: #f0f6ff;border-radius: 10px;margin: 20px auto\"><a href=\"https:\/\/www.clissa-bus.hr\/wp-content\/uploads\/2018\/04\/clissa-zahvala.jpg\" rel=\"lightbox[67]\"><img loading=\"lazy\" decoding=\"async\" width=\"989\" height=\"658\" src=\"https:\/\/www.clissa-bus.hr\/wp-content\/uploads\/2018\/04\/clissa-zahvala.jpg\" alt=\"\" class=\"wp-image-1881\" srcset=\"https:\/\/www.clissa-bus.hr\/wp-content\/uploads\/2018\/04\/clissa-zahvala.jpg 989w, https:\/\/www.clissa-bus.hr\/wp-content\/uploads\/2018\/04\/clissa-zahvala-300x200.jpg 300w, https:\/\/www.clissa-bus.hr\/wp-content\/uploads\/2018\/04\/clissa-zahvala-768x511.jpg 768w, https:\/\/www.clissa-bus.hr\/wp-content\/uploads\/2018\/04\/clissa-zahvala-360x240.jpg 360w\" sizes=\"auto, (max-width: 989px) 100vw, 989px\" \/><\/a><small>*kliknite na sliku za otvaranje u punoj veli\u010dini<\/small><\/figure>\n<\/div>\n\n\n\n<div class=\"wp-block-column is-layout-flow wp-block-column-is-layout-flow\">\n<figure class=\"zahvala wp-block-image is-resized\" style=\"padding: 10px;text-align: center;width: 90%;background: #f0f6ff;border-radius: 10px;margin: 20px auto\"><a href=\"\/?page_id=2159\"><img decoding=\"async\" src=\"https:\/\/www.clissa-bus.hr\/wp-content\/uploads\/2022\/12\/Novi-Projekt.jpg\" alt=\"\" class=\"wp-image-1881\" style=\"border-radius: 20px;height: 355px\"><\/a><\/figure>\n<\/div>\n<\/div>\n<\/div>\n<\/div>\n\n\n\n<div class=\"wp-block-columns is-layout-flex wp-container-core-columns-is-layout-9d6595d7 wp-block-columns-is-layout-flex\">\n<div class=\"wp-block-column is-layout-flow wp-block-column-is-layout-flow\"><\/div>\n\n\n\n<div class=\"wp-block-column is-layout-flow wp-block-column-is-layout-flow\">\n<figure class=\"wp-block-embed is-type-video is-provider-vimeo wp-block-embed-vimeo wp-embed-aspect-9-16 wp-has-aspect-ratio\"><div class=\"wp-block-embed__wrapper\">\n<iframe loading=\"lazy\" title=\"Clissa video\" src=\"https:\/\/player.vimeo.com\/video\/837381407?dnt=1&amp;app_id=122963\" width=\"480\" height=\"848\" frameborder=\"0\" allow=\"autoplay; fullscreen; picture-in-picture; clipboard-write; encrypted-media; web-share\" referrerpolicy=\"strict-origin-when-cross-origin\"><\/iframe>\n<\/div><figcaption class=\"wp-element-caption\">Mjesto Kosa u Dolini Neretve, vozi Lucija \u0160ipi\u0107, snima Ana Kuzmani\u0107.<\/figcaption><\/figure>\n<\/div>\n\n\n\n<div class=\"wp-block-column is-layout-flow wp-block-column-is-layout-flow\"><\/div>\n<\/div>\n\n\n\n<p><\/p>\n\n\n\n<p><\/p>\n","protected":false},"excerpt":{"rendered":"<p>Autor fotografije: MaGa, Wikipedia Mercedes &#8211; Benz Tourismo 16 RHD &#8211; M53+2+1 sjedalo (ST 2021-KL) *kliknite na sliku za otvaranje u punoj veli\u010dini Mjesto Kosa u Dolini Neretve, vozi Lucija \u0160ipi\u0107, snima Ana Kuzmani\u0107.<\/p>\n","protected":false},"author":1,"featured_media":0,"parent":0,"menu_order":0,"comment_status":"closed","ping_status":"closed","template":"","meta":{"ngg_post_thumbnail":0,"footnotes":""},"class_list":["post-67","page","type-page","status-publish","hentry"],"_links":{"self":[{"href":"https:\/\/www.clissa-bus.hr\/index.php?rest_route=\/wp\/v2\/pages\/67","targetHints":{"allow":["GET"]}}],"collection":[{"href":"https:\/\/www.clissa-bus.hr\/index.php?rest_route=\/wp\/v2\/pages"}],"about":[{"href":"https:\/\/www.clissa-bus.hr\/index.php?rest_route=\/wp\/v2\/types\/page"}],"author":[{"embeddable":true,"href":"https:\/\/www.clissa-bus.hr\/index.php?rest_route=\/wp\/v2\/users\/1"}],"replies":[{"embeddable":true,"href":"https:\/\/www.clissa-bus.hr\/index.php?rest_route=%2Fwp%2Fv2%2Fcomments&post=67"}],"version-history":[{"count":193,"href":"https:\/\/www.clissa-bus.hr\/index.php?rest_route=\/wp\/v2\/pages\/67\/revisions"}],"predecessor-version":[{"id":2959,"href":"https:\/\/www.clissa-bus.hr\/index.php?rest_route=\/wp\/v2\/pages\/67\/revisions\/2959"}],"wp:attachment":[{"href":"https:\/\/www.clissa-bus.hr\/index.php?rest_route=%2Fwp%2Fv2%2Fmedia&parent=67"}],"curies":[{"name":"wp","href":"https:\/\/api.w.org\/{rel}","templated":true}]}}